atest common divisor of c and 4901?
169
Let w = 109 - 74. Let b(c) = c**3 - 6*c**2 + 33*c - 266. Let v be b(7). Calculate the highest common factor of v and w.
7
Let d be (7 + -9)/(1/(-2)). Let v be (d/14)/1 - 21318/133. Let l = v - -313. What is the greatest common factor of 17 and l?
17
Suppose 0 = 33*b - 28*b + 5*o - 4385, -869 = -b + 3*o. What is the greatest common divisor of b and 280?
35
Let g be 156 - 154 - (470/(-13) - (-6)/39). What is the greatest common divisor of g and 6?
2
Suppose 445*q - 12675 = -5*v + 448*q, -v - 2*q = -2548. What is the greatest common divisor of v and 235?
47
Suppose -f + 22 = 3*q, -4*q = 4*f + 6 - 102. Let u = 124 - 99. Calculate the highest common factor of f and u.
25
Let r(m) = m**3 + 7*m**2 + m + 31. Let t be r(-7). Suppose 18*q - 30 = t*q. Let n be (53 + 2 - q) + 2. What is the greatest common divisor of n and 682?
62
Suppose -o - 1827 = -4*o + 3*i, 0 = -o - 10*i + 565. What is the highest common divisor of o and 3509?
121
Let o(b) = -b**2 + 3*b - 20. Let f be o(22). Let i = 443 + f. What is the highest common factor of i and 95?
5
Let x(b) = -27*b + 4. Let f be x(-4). Suppose 193*k - 15884 + 7159 = 6715. Calculate the greatest common factor of k and f.
16
Let u = -2446 + 2482. Calculate the greatest common divisor of 159 and u.
3
Let g(i) = 14*i**2 + 11*i - 13. Let n be g(1). Suppose n*b - 8*b = 1728. What is the greatest common factor of 48 and b?
48
Suppose 4*z - 119*u - 77818 = -116*u, -5*u - 97280 = -5*z. Calculate the greatest common factor of 25 and z.
25
Let c be -6*((-12)/(-9) - 2). Let z = c - -41. Calculate the greatest common divisor of 90 and z.
45
Let k be 752/10 - (7 - 544/80). Calculate the highest common divisor of 480 and k.
15
Let b(i) = -13*i**3 - 4. Let v be b(-2). Suppose 11*g = g - v. Let o be 11 + g - (-79 + (-3 - -2)). What is the greatest common divisor of o and 9?
9
Let w be ((-4)/(-6))/(64/672). Let g be (-1)/(w/14 + (-36)/70). What is the highest common divisor of g and 126?
14
Let k be -2*(-3)/(-9) + 3/((-225)/(-4325)). Let d(c) = -c**3 - 3*c**2 - c + 1. Let m be d(-2). Let x = 18 - m. What is the greatest common factor of x and k?
19
Suppose 19*i - 112660 = -196*i - 309*i. Suppose -3*z + 161 = -4*w + 48, 5*w = -4*z - 118. Let s = 17 - w. What is the greatest common factor of i and s?
43
Let u(l) = 212*l + 2878. Let h be u(-13). Calculate the highest common factor of h and 4453.
61
Let r(w) = 9*w**2 + 100*w + 12. Let b be r(-11). Let a be (-2*b)/4 + (-5850)/(-100). What is the highest common factor of 87 and a?
29
Let o be (-2)/7 - (-6 - (-7782)/(-42)). Let n = 211 - o. Suppose d = 2*d - 220. Calculate the greatest common divisor of d and n.
20
Let c be (-1 - 2) + 2 + 4. Let o(u) = 2*u - 3 + 58*u**c - 17*u**2 - 57*u**3 + u. Let d be o(17). What is the greatest common divisor of d and 384?
48
Let c(p) = 6*p**3 - 25*p**2 - p + 35. Let i be c(6). Calculate the greatest common factor of i and 272.
17
Let m be (4 - (-45)/(-10))*-120. Let w be 54/24 - 3*1/12. Let v = w - -22. Calculate the highest common divisor of v and m.
12
Let i(z) = 4*z + 11. Let y be i(1). Suppose 2*f - 8*c - 1284 = -6*c, y = -5*c. What is the greatest common factor of f and 71?
71
Suppose -8*y - 314 + 5712 + 6954 = 0. What is the greatest common factor of 8 and y?
8
Let r(t) = t**3 - 7*t**2 - 10*t - 4. Let z be r(8). Let x = -18 - z. Let l be ((-20)/(-12) - x)*-99. What is the greatest common factor of l and 22?
11
Suppose 5*t - c - 764 = 0, -2*c = -2*t - 324 + 628. What is the greatest common factor of 15759 and t?
153
Let f be (-13796)/(-28) - (-74)/259. What is the highest common divisor of 68 and f?
17
Let o(p) = -45*p**2 + 5*p - 3. Let c be o(2). Let f be c/(-3) - (-315)/(-189). Calculate the greatest common divisor of 80 and f.
8
Let k = -2529 + 4740. Calculate the greatest common factor of k and 33.
33
Let q(d) = 9*d - 4*d**2 - 8 + 5*d**2 + 2. Let s be q(-10). Let h(k) = -k**3 - 8*k**2 + 2*k - 60. Let f be h(-9). What is the greatest common divisor of s and f?
1
Let z(x) = 177*x + 1860. Let g be z(-9). What is the highest common factor of g and 15?
3
Let i(r) = r**2 - r - 32. Let l(t) = -2*t**2 + 38*t - 28. Let o be l(18). Let u be i(o). What is the greatest common factor of 40 and u?
8
Let v be (4991/69)/(13/6 + -2). Calculate the greatest common divisor of 1 and v.
1
Let v(p) = p**2 - 6*p + 60. Let u be v(0). Let i be ((-6)/(-4))/(6/u). What is the greatest common divisor of i and 240?
15
Let p(i) = -6*i**2 - 16*i - 76. Let g be p(-6). Let q = -188 - g. What is the greatest common divisor of 376 and q?
8
Suppose -6 = -27*l + 25*l + 2*d, 3*d - 6 = 0. Suppose 3*x + x + 254 = l*p, -5*p + 2*x + 262 = 0. What is the highest common divisor of 126 and p?
18
Let n be ((-26)/(-65))/(3/15). Suppose 4*i = 3*w + 314, -n*w - w = 5*i - 406. Calculate the highest common factor of 30 and i.
10
Let c(a) = 305*a**2 + 2*a + a - 12*a + 15 - 7*a. Let j be c(1). Calculate the highest common divisor of j and 38.
38
Suppose 196 = 8*u + 6*u. Suppose 4*s + s - 157 = 4*p, s + 5*p = u. What is the highest common factor of s and 319?
29
Let n = -2904 + 2912. Calculate the highest common factor of 3512 and n.
8
Let n be (-154)/(-1001) + 830/13. Suppose -94 = 3*t - 286. What is the greatest common factor of n and t?
64
Let g = -58 - -68. Suppose 2*f + g*f = 300. Suppose 3*r - 281 = -t, -4*t + 5*r - 1385 = -9*t. What is the highest common divisor of t and f?
25
Let t(h) = 107*h**2 + 31*h + 50. Let o be t(-2). Calculate the greatest common divisor of 91 and o.
13
Suppose 10 - 46 = 4*t. Let q = 4 - t. Calculate the greatest common divisor of q and 1.
1
Let t(v) = v**3 + 18*v**2 + 8*v - 89. Let h be t(-11). What is the highest common divisor of h and 100?
10
Let f be 5/(-2)*(-8)/10*7264. Calculate the greatest common factor of 16 and f.
16
Let k be (-19)/(38/3)*(-14)/1. Let w be 1/2*(188 + -6). Calculate the highest common factor of w and k.
7
Let w = 9621 + -4133. What is the greatest common divisor of w and 343?
343
Let x(g) = 4*g**2 - 8*g - 19. Let t be x(4). Suppose -123 - 33 = -r. Suppose h = 4*h - r. What is the greatest common divisor of t and h?
13
Let w = 77 - 91. Let v be (w*1)/(((-36)/8)/9). Suppose 4*s = 16, v = -2*p + 3*p - 3*s. Calculate the greatest common factor of p and 10.
10
Suppose 5*z - 2*k - 480 = -0*k, -768 = -8*z + k. Calculate the greatest common divisor of 540 and z.
12
Let f = 637 + -658. Let w be 4329/273 + (-3)/f. Let z(g) = 2*g**2 + 3*g - 3. Let q be z(-5). What is the greatest common divisor of q and w?
16
Let i be (4 - (-3 - -3)) + 5. Suppose 3*d - 630 = i*d. Let m = -69 - d. Calculate the greatest common factor of m and 12.
12
Let g(n) = 7*n + 3. Let l be g(1). Suppose -l*q = -5*q - 560. Suppose -168 = -5*c + q. Calculate the highest common divisor of c and 140.
28
Suppose -2*y - 440 = -4*y. Let h = -130 - -67. Let j be 4/(-14) + (-1278)/h. What is the greatest common divisor of j and y?
20
Let y(j) = 18*j**2 - 147*j + 590. Let l be y(4). What is the greatest common factor of 20 and l?
10
Let c = 6692 - 6686. Let f(x) = -x - 60. Let w be f(0). Let b be ((-32)/5)/(8/w). Calculate the highest common factor of b and c.
6
Let o be (105/7)/3 + -5. Suppose 0 = -s - 4*t + 12, -5*s + 28 = 4*t - o. Calculate the highest common factor of s and 26.
2
Suppose 172*o - 137*o - 1470 = 0. What is the highest common divisor of o and 426?
6
Let t(y) = -22*y - 206. Let s be t(-46). Calculate the greatest common factor of 310 and s.
62
Let a be (-25 + 6 + 5)/(2 + (-90)/44). Calculate the greatest common divisor of a and 812.
28
Let i = 89 - 103. Let l be (-6)/i - 3*(-327)/63. What is the highest common factor of 200 and l?
8
Suppose -146 - 466 = 6*i. Let p be 3/(-12) + 1 + i/8. Let h = 1 - p. Calculate the highest common factor of 26 and h.
13
Let w = -69 - -134. Suppose -3*l = -w - 196. Let p = 131 - l. Calculate the highest common factor of 220 and p.
44
Suppose 2*n - 2372*j = -2373*j + 574, 2*n + 4*j = 580. What is the highest common divisor of n and 130?
26
Suppose -129*l - 749 = -6167. What is the highest common factor of l and 2625?
21
Suppose x = 2*x, 3*s + 2*s - 4*x = 13120. Calculate the greatest common divisor of s and 1804.
164
Let u be (-3)/12*-156*4/6. Calculate the highest common factor of u and 3874